{"id":240,"date":"2017-09-03T20:54:20","date_gmt":"2017-09-03T18:54:20","guid":{"rendered":"http:\/\/www.scorelauf.cz\/?page_id=240"},"modified":"2021-05-13T20:50:54","modified_gmt":"2021-05-13T18:50:54","slug":"vysledky-2017","status":"publish","type":"page","link":"https:\/\/www.scorelauf.cz\/index.php\/vysledky-2017\/","title":{"rendered":"V\u00fdsledky 2017"},"content":{"rendered":"<p>[vc_row css=&#8220;.vc_custom_1606500620697{margin-top: -150px !important;}&#8220;][vc_column][vc_column_text]\n\t\t\t<!-- START Scorelauf REVOLUTION SLIDER 6.4.11 --><p class=\"rs-p-wp-fix\"><\/p>\n\t\t\t<rs-module-wrap id=\"rev_slider_1_1_wrapper\" data-source=\"gallery\" style=\"background:transparent;padding:0;margin:0px auto;margin-top:0;margin-bottom:0;\">\n\t\t\t\t<rs-module id=\"rev_slider_1_1\" style=\"\" data-version=\"6.4.11\">\n\t\t\t\t\t<rs-slides>\n\t\t\t\t\t\t<rs-slide data-key=\"rs-1\" data-title=\"Slide\" data-in=\"o:0;\" data-out=\"a:false;\">\n\t\t\t\t\t\t\t<img decoding=\"async\" src=\"\/\/www.scorelauf.cz\/wp-content\/plugins\/revslider\/public\/assets\/assets\/transparent.png\" alt=\"Slide\" title=\"V\u00fdsledky 2017\" class=\"rev-slidebg tp-rs-img\" data-bg=\"c:#0c0c0c;\" data-no-retina>\n<!--\n\t\t\t\t\t\t\t--><rs-layer\n\t\t\t\t\t\t\t\tid=\"slider-1-slide-1-layer-0\" \n\t\t\t\t\t\t\t\tdata-type=\"image\"\n\t\t\t\t\t\t\t\tdata-rsp_ch=\"on\"\n\t\t\t\t\t\t\t\tdata-xy=\"x:c;y:c;\"\n\t\t\t\t\t\t\t\tdata-text=\"w:normal;\"\n\t\t\t\t\t\t\t\tdata-dim=\"w:961.9354838709677px;h:282px;minw:1px;minh:1px;\"\n\t\t\t\t\t\t\t\tdata-padding=\"t:1;r:1;b:1;l:1;\"\n\t\t\t\t\t\t\t\tdata-frame_999=\"o:0;st:w;\"\n\t\t\t\t\t\t\t\tstyle=\"z-index:5;\"\n\t\t\t\t\t\t\t><img loading=\"lazy\" decoding=\"async\" src=\"\/\/www.scorelauf.cz\/wp-content\/uploads\/2024\/03\/Baner-Net-Scorelauf-3Da.png\" class=\"tp-rs-img\" width=\"2982\" height=\"825\" data-no-retina> \n\t\t\t\t\t\t\t<\/rs-layer><!--\n-->\t\t\t\t\t\t<\/rs-slide>\n\t\t\t\t\t<\/rs-slides>\n\t\t\t\t<\/rs-module>\n\t\t\t\t<script type=\"text\/javascript\">\n\t\t\t\t\tsetREVStartSize({c: 'rev_slider_1_1',rl:[1240,1024,778,480],el:[350],gw:[1240],gh:[350],type:'hero',justify:'',layout:'fullwidth',mh:\"0\"});\n\t\t\t\t\tvar\trevapi1,\n\t\t\t\t\t\ttpj;\n\t\t\t\t\tfunction revinit_revslider11() {\n\t\t\t\t\tjQuery(function() {\n\t\t\t\t\t\ttpj = jQuery;\n\t\t\t\t\t\trevapi1 = tpj(\"#rev_slider_1_1\");\n\t\t\t\t\t\tif(revapi1==undefined || revapi1.revolution == undefined){\n\t\t\t\t\t\t\trevslider_showDoubleJqueryError(\"rev_slider_1_1\");\n\t\t\t\t\t\t}else{\n\t\t\t\t\t\t\trevapi1.revolution({\n\t\t\t\t\t\t\t\tsliderType:\"hero\",\n\t\t\t\t\t\t\t\tDPR:\"dpr\",\n\t\t\t\t\t\t\t\tsliderLayout:\"fullwidth\",\n\t\t\t\t\t\t\t\tvisibilityLevels:\"1240,1024,778,480\",\n\t\t\t\t\t\t\t\tgridwidth:1240,\n\t\t\t\t\t\t\t\tgridheight:350,\n\t\t\t\t\t\t\t\tspinner:\"spinner0\",\n\t\t\t\t\t\t\t\tperspective:600,\n\t\t\t\t\t\t\t\tperspectiveType:\"local\",\n\t\t\t\t\t\t\t\teditorheight:\"350,768,960,720\",\n\t\t\t\t\t\t\t\tresponsiveLevels:\"1240,1024,778,480\",\n\t\t\t\t\t\t\t\tprogressBar:{disableProgressBar:true},\n\t\t\t\t\t\t\t\tnavigation: {\n\t\t\t\t\t\t\t\t\tonHoverStop:false\n\t\t\t\t\t\t\t\t},\n\t\t\t\t\t\t\t\tfallbacks: {\n\t\t\t\t\t\t\t\t\tallowHTML5AutoPlayOnAndroid:true\n\t\t\t\t\t\t\t\t},\n\t\t\t\t\t\t\t});\n\t\t\t\t\t\t}\n\t\t\t\t\t\t\n\t\t\t\t\t});\n\t\t\t\t\t} \/\/ End of RevInitScript\n\t\t\t\tvar once_revslider11 = false;\n\t\t\t\tif (document.readyState === \"loading\") {document.addEventListener('readystatechange',function() { if((document.readyState === \"interactive\" || document.readyState === \"complete\") && !once_revslider11 ) { once_revslider11 = true; revinit_revslider11();}});} else {once_revslider11 = true; revinit_revslider11();}\n\t\t\t\t<\/script>\n\t\t\t<\/rs-module-wrap>\n\t\t\t<!-- END REVOLUTION SLIDER -->\n[\/vc_column_text][\/vc_column][\/vc_row][vc_row][vc_column][vc_column_text]<\/p>\n<h5>Mu\u017e &#8211; Mu\u017e<\/h5>\n<table style=\"width: 701px;\">\n<tbody>\n<tr>\n<td style=\"width: 47px; text-align: center;\">Po\u0159ad\u00ed<\/td>\n<td style=\"width: 107px; text-align: center;\">Startovn\u00ed \u010d\u00edslo<\/td>\n<td style=\"width: 193px; text-align: center;\">T\u00fdm<\/td>\n<td style=\"width: 290px; text-align: center;\">Slo\u017een\u00ed<\/td>\n<td style=\"width: 38px; text-align: center;\">Body<\/td>\n<\/tr>\n<tr>\n<td style=\"width: 47px;\">1.<\/td>\n<td style=\"width: 107px;\">1<\/td>\n<td style=\"width: 193px;\">SusaKuca<\/td>\n<td style=\"width: 290px;\">Radek Su\u0161\u00edr\/Tom\u00e1\u0161 Ku\u010dera<\/td>\n<td style=\"width: 38px; text-align: right;\">1655<\/td>\n<\/tr>\n<tr>\n<td style=\"width: 47px;\">2.<\/td>\n<td style=\"width: 107px;\">47<\/td>\n<td style=\"width: 193px;\">T\u0159eb\u00e1ci<\/td>\n<td style=\"width: 290px;\">Martin C\u00edsa\u0159\/Ale\u0161 Petera<\/td>\n<td style=\"width: 38px; text-align: right;\">1280<\/td>\n<\/tr>\n<tr>\n<td style=\"width: 47px;\">3.<\/td>\n<td style=\"width: 107px;\">3<\/td>\n<td style=\"width: 193px;\">BeManiax Madbike<\/td>\n<td style=\"width: 290px;\">Ladislav Kopeck\u00fd\/David Pour<\/td>\n<td style=\"width: 38px; text-align: right;\">1145<\/td>\n<\/tr>\n<tr>\n<td style=\"width: 47px;\">4.<\/td>\n<td style=\"width: 107px;\">4<\/td>\n<td style=\"width: 193px;\">V\u00edtr v z\u00e1dech<\/td>\n<td style=\"width: 290px;\">Jarom\u00edr a Luk\u00e1\u0161 Fl\u00e9glovi<\/td>\n<td style=\"width: 38px; text-align: right;\">971<\/td>\n<\/tr>\n<tr>\n<td style=\"width: 47px;\">5.<\/td>\n<td style=\"width: 107px;\">43<\/td>\n<td style=\"width: 193px;\">M+P<\/td>\n<td style=\"width: 290px;\">Martin a Prokop \u0158\u00edhovi<\/td>\n<td style=\"width: 38px; text-align: right;\">964<\/td>\n<\/tr>\n<tr>\n<td style=\"width: 47px;\">6.<\/td>\n<td style=\"width: 107px;\">34<\/td>\n<td style=\"width: 193px;\">Soumrak cyklistiky<\/td>\n<td style=\"width: 290px;\">Ond\u0159ej Kub\u00e1t\/Ond\u0159ej Ko\u017e\u00ed\u0161ek<\/td>\n<td style=\"width: 38px; text-align: right;\">961<\/td>\n<\/tr>\n<tr>\n<td style=\"width: 47px;\">7.<\/td>\n<td style=\"width: 107px;\">26<\/td>\n<td style=\"width: 193px;\">DaDa<\/td>\n<td style=\"width: 290px;\">Daniel Vysko\u010dil\/Dalimil Rolc<\/td>\n<td style=\"width: 38px; text-align: right;\">755<\/td>\n<\/tr>\n<tr>\n<td style=\"width: 47px;\">8.<\/td>\n<td style=\"width: 107px;\">46<\/td>\n<td style=\"width: 193px;\">Restaurace na Most\u011b<\/td>\n<td style=\"width: 290px;\">Jan Bare\u0161\/Petr Tr\u00fcbenekr<\/td>\n<td style=\"width: 38px; text-align: right;\">740<\/td>\n<\/tr>\n<tr>\n<td style=\"width: 47px;\">9.<\/td>\n<td style=\"width: 107px;\">2<\/td>\n<td style=\"width: 193px;\">My dva a \u010das<\/td>\n<td style=\"width: 290px;\">Roman V\u00e1clavek\/Petr Bedn\u00e1\u0159<\/td>\n<td style=\"width: 38px; text-align: right;\">722<\/td>\n<\/tr>\n<\/tbody>\n<\/table>\n<h5>\u017dena &#8211; \u017dena<\/h5>\n<table style=\"width: 705px;\">\n<tbody>\n<tr>\n<td style=\"width: 47px; text-align: center;\">Po\u0159ad\u00ed<\/td>\n<td style=\"width: 105px; text-align: center;\">Startovn\u00ed \u010d\u00edslo<\/td>\n<td style=\"width: 196px; text-align: center;\">T\u00fdm<\/td>\n<td style=\"width: 292px; text-align: center;\">Slo\u017een\u00ed<\/td>\n<td style=\"width: 39px; text-align: center;\">Body<\/td>\n<\/tr>\n<tr>\n<td style=\"width: 47px;\">1.<\/td>\n<td style=\"width: 105px;\">5<\/td>\n<td style=\"width: 196px;\">M\u00e1Ja team<\/td>\n<td style=\"width: 292px;\">Mark\u00e9ta L\u00e1nsk\u00e1\/Jana Radobersk\u00e1<\/td>\n<td style=\"width: 39px; text-align: right;\">971<\/td>\n<\/tr>\n<tr>\n<td style=\"width: 47px;\">2.<\/td>\n<td style=\"width: 105px;\">51<\/td>\n<td style=\"width: 196px;\">Pra\u017esk\u00fd Kozy<\/td>\n<td style=\"width: 292px;\">Petra a V\u011bra Kozlovy<\/td>\n<td style=\"width: 39px; text-align: right;\">743<\/td>\n<\/tr>\n<tr>\n<td style=\"width: 47px;\">3.<\/td>\n<td style=\"width: 105px;\"><\/td>\n<td style=\"width: 196px;\"><\/td>\n<td style=\"width: 292px;\"><\/td>\n<td style=\"width: 39px;\"><\/td>\n<\/tr>\n<\/tbody>\n<\/table>\n<h5>Mu\u017e &#8211; \u017dena<\/h5>\n<table>\n<tbody>\n<tr>\n<td style=\"text-align: center;\">Po\u0159ad\u00ed<\/td>\n<td style=\"text-align: center;\">Startovn\u00ed \u010d\u00edslo<\/td>\n<td style=\"text-align: center;\">T\u00fdm<\/td>\n<td style=\"text-align: center;\">Slo\u017een\u00ed<\/td>\n<td style=\"text-align: center;\">Body<\/td>\n<\/tr>\n<tr>\n<td>1.<\/td>\n<td>15<\/td>\n<td>OK Jilemnice<\/td>\n<td>Pavel Kohout\/Romana Je\u017ekov\u00e1<\/td>\n<td style=\"text-align: right;\">1478<\/td>\n<\/tr>\n<tr>\n<td>2.<\/td>\n<td>14<\/td>\n<td>VoDa t\u00fdm<\/td>\n<td>Petra Davidov\u00e1\/Tom\u00e1\u0161 Vojt\u011bch<\/td>\n<td style=\"text-align: right;\">1170<\/td>\n<\/tr>\n<tr>\n<td>3.<\/td>\n<td>13<\/td>\n<td>K\u00e1\u010fa a K\u00e1\u010fa<\/td>\n<td>Martin a Jana Kade\u010dkovi<\/td>\n<td style=\"text-align: right;\">1167<\/td>\n<\/tr>\n<tr>\n<td>4.<\/td>\n<td>40<\/td>\n<td>Pra\u017esko-Milet\u00ednsk\u00e9 kobylky<\/td>\n<td>Ivo a Terezka Karbanovi<\/td>\n<td style=\"text-align: right;\">1064<\/td>\n<\/tr>\n<tr>\n<td>5.<\/td>\n<td>55<\/td>\n<td>Transfer\u00e1zy<\/td>\n<td>Tom\u00e1\u0161 Kvasni\u010dka\/Martina Seifrtov\u00e1<\/td>\n<td style=\"text-align: right;\">982<\/td>\n<\/tr>\n<tr>\n<td>6.<\/td>\n<td>9<\/td>\n<td>Ty a j\u00e1<\/td>\n<td>Michaela Tich\u00e1\/Ond\u0159ej \u0160ec<\/td>\n<td style=\"text-align: right;\">876<\/td>\n<\/tr>\n<tr>\n<td>7.<\/td>\n<td>6<\/td>\n<td>\u017d\u00edznivci 1<\/td>\n<td>Lud\u011bk \u0160ulc\/Irena Droznov\u00e1<\/td>\n<td style=\"text-align: right;\">863<\/td>\n<\/tr>\n<tr>\n<td>8.<\/td>\n<td>8<\/td>\n<td>Orienta\u010dn\u00ed nesmysl<\/td>\n<td>Jan Jaro\u0161\/Michala Zoul\u00edkov\u00e1<\/td>\n<td style=\"text-align: right;\">841<\/td>\n<\/tr>\n<tr>\n<td>9.<\/td>\n<td>10<\/td>\n<td>V&amp;R<\/td>\n<td>Viktor Kohout\/Renata V\u00e1vrov\u00e1<\/td>\n<td style=\"text-align: right;\">786<\/td>\n<\/tr>\n<tr>\n<td>10.<\/td>\n<td>27<\/td>\n<td>Maki &amp; Makak<\/td>\n<td>Ond\u0159ej Macha\u010dka\/Eva Kosty\u0161ynov\u00e1<\/td>\n<td style=\"text-align: right;\">764<\/td>\n<\/tr>\n<tr>\n<td>11.<\/td>\n<td>11<\/td>\n<td>Rumcajs a Manka<\/td>\n<td>Pavel Kov\u00e1\u010d\/Mirka Kov\u00e1\u010dov\u00e1<\/td>\n<td style=\"text-align: right;\">593<\/td>\n<\/tr>\n<tr>\n<td>12.<\/td>\n<td>7<\/td>\n<td>Hlavn\u011b p\u0159e\u017e\u00edt<\/td>\n<td>Anton\u00edn Jedli\u010dka\/Milu\u0161ka Souk. Bu\u010dkov\u00e1<\/td>\n<td style=\"text-align: right;\">341<\/td>\n<\/tr>\n<\/tbody>\n<\/table>\n<h5>Dosp\u011bl\u00fd &#8211; D\u00edt\u011b<\/h5>\n<table style=\"width: 706px;\">\n<tbody>\n<tr>\n<td style=\"width: 47px; text-align: center;\">Po\u0159ad\u00ed<\/td>\n<td style=\"width: 106px; text-align: center;\">Startovn\u00ed \u010d\u00edslo<\/td>\n<td style=\"width: 196px; text-align: center;\">T\u00fdm<\/td>\n<td style=\"width: 297px; text-align: center;\">Slo\u017een\u00ed<\/td>\n<td style=\"width: 42px; text-align: center;\">Body<\/td>\n<\/tr>\n<tr>\n<td style=\"width: 47px;\">1.<\/td>\n<td style=\"width: 106px;\">17<\/td>\n<td style=\"width: 196px;\">Pospateam<\/td>\n<td style=\"width: 297px;\">Petr a Jan Posp\u00ed\u0161ilovi<\/td>\n<td style=\"width: 42px; text-align: right;\">972<\/td>\n<\/tr>\n<tr>\n<td style=\"width: 47px;\">2.<\/td>\n<td style=\"width: 106px;\">41<\/td>\n<td style=\"width: 196px;\">LaMa MTB<\/td>\n<td style=\"width: 297px;\">Laura Palou\u0161ov\u00e1\/Marek Palou\u0161<\/td>\n<td style=\"width: 42px; text-align: right;\">931<\/td>\n<\/tr>\n<tr>\n<td style=\"width: 47px;\">3.<\/td>\n<td style=\"width: 106px;\">18<\/td>\n<td style=\"width: 196px;\">Lan\u011b ze Lhotky<\/td>\n<td style=\"width: 297px;\">Ilona a Ad\u00e9la Jiroutovy<\/td>\n<td style=\"width: 42px; text-align: right;\">833<\/td>\n<\/tr>\n<tr>\n<td style=\"width: 47px;\">4.<\/td>\n<td style=\"width: 106px;\">16<\/td>\n<td style=\"width: 196px;\">Me\u010douni<\/td>\n<td style=\"width: 297px;\">Jan a Linda Me\u010d\u00ed\u0159ovi<\/td>\n<td style=\"width: 42px; text-align: right;\">794<\/td>\n<\/tr>\n<tr>\n<td style=\"width: 47px;\">5.<\/td>\n<td style=\"width: 106px;\">39<\/td>\n<td style=\"width: 196px;\">Petra a Evi\u010dka<\/td>\n<td style=\"width: 297px;\">Petra a Eva Jezberovy<\/td>\n<td style=\"width: 42px; text-align: right;\">754<\/td>\n<\/tr>\n<tr>\n<td style=\"width: 47px;\">6.<\/td>\n<td style=\"width: 106px;\">42<\/td>\n<td style=\"width: 196px;\">Ho\u0159ick\u00e9 v\u00edly<\/td>\n<td style=\"width: 297px;\">Jana Novotn\u00e1\/Eli\u0161ka Novotn\u00e1<\/td>\n<td style=\"width: 42px; text-align: right;\">727<\/td>\n<\/tr>\n<tr>\n<td style=\"width: 47px;\">7.<\/td>\n<td style=\"width: 106px;\">37<\/td>\n<td style=\"width: 196px;\">Michkovi<\/td>\n<td style=\"width: 297px;\">Ivo a Zuzana Michkovi<\/td>\n<td style=\"width: 42px; text-align: right;\">519<\/td>\n<\/tr>\n<tr>\n<td style=\"width: 47px;\">8.<\/td>\n<td style=\"width: 106px;\">20<\/td>\n<td style=\"width: 196px;\">K l i \u010d k o v i<\/td>\n<td style=\"width: 297px;\">Jaroslav a Jaroslav Kli\u010dkovi<\/td>\n<td style=\"width: 42px; text-align: right;\">466<\/td>\n<\/tr>\n<tr>\n<td style=\"width: 47px;\">9.<\/td>\n<td style=\"width: 106px;\">21<\/td>\n<td style=\"width: 196px;\">Kolono\u017eky<\/td>\n<td style=\"width: 297px;\">Tom\u00e1\u0161 a \u0160imon Bor\u016fvkovi<\/td>\n<td style=\"width: 42px; text-align: right;\">464<\/td>\n<\/tr>\n<\/tbody>\n<\/table>\n<h5>Dosp\u011bl\u00fd &#8211; D\u00edt\u011b &#8211; Praklej \u0159et\u011bz<\/h5>\n<table style=\"width: 698px;\">\n<tbody>\n<tr>\n<td style=\"width: 47px; text-align: center;\">Po\u0159ad\u00ed<\/td>\n<td style=\"width: 109px; text-align: center;\">Startovn\u00ed \u010d\u00edslo<\/td>\n<td style=\"width: 185px; text-align: center;\">T\u00fdm<\/td>\n<td style=\"width: 296px; text-align: center;\">Slo\u017een\u00ed<\/td>\n<td style=\"width: 41px; text-align: center;\">Body<\/td>\n<\/tr>\n<tr>\n<td style=\"width: 47px;\">1.<\/td>\n<td style=\"width: 109px;\">22<\/td>\n<td style=\"width: 185px;\">Draci z Rohoznice<\/td>\n<td style=\"width: 296px;\">Petr Jalov\u00fd\/Vojta Jalov\u00fd<\/td>\n<td style=\"width: 41px; text-align: right;\">1288<\/td>\n<\/tr>\n<tr>\n<td style=\"width: 47px;\">2.<\/td>\n<td style=\"width: 109px;\">29<\/td>\n<td style=\"width: 185px;\">MatGen<\/td>\n<td style=\"width: 296px;\">Maty\u00e1\u0161 a Zden\u011bk Paulusovi<\/td>\n<td style=\"width: 41px; text-align: right;\">1137<\/td>\n<\/tr>\n<tr>\n<td style=\"width: 47px;\">3.<\/td>\n<td style=\"width: 109px;\">30<\/td>\n<td style=\"width: 185px;\">Bicani A+B<\/td>\n<td style=\"width: 296px;\">B\u0159etislav Bican\/Ani\u010dka Bicanov\u00e1<\/td>\n<td style=\"width: 41px; text-align: right;\">1027<\/td>\n<\/tr>\n<tr>\n<td style=\"width: 47px;\">4.<\/td>\n<td style=\"width: 109px;\">31<\/td>\n<td style=\"width: 185px;\">Bicani P+M<\/td>\n<td style=\"width: 296px;\">Martina Bicanov\u00e1\/Pavla Bicanov\u00e1<\/td>\n<td style=\"width: 41px; text-align: right;\">929<\/td>\n<\/tr>\n<tr>\n<td style=\"width: 47px;\">5.<\/td>\n<td style=\"width: 109px;\">36<\/td>\n<td style=\"width: 185px;\">Bejci<\/td>\n<td style=\"width: 296px;\">Dominik Kuda\/Tade\u00e1\u0161 Paulus<\/td>\n<td style=\"width: 41px; text-align: right;\">712<\/td>\n<\/tr>\n<tr>\n<td style=\"width: 47px;\">6.<\/td>\n<td style=\"width: 109px;\">53<\/td>\n<td style=\"width: 185px;\">\u017dab\u00e1ci<\/td>\n<td style=\"width: 296px;\">Roman Rais\/Sabina Vondr\u00e1\u010dkov\u00e1<\/td>\n<td style=\"width: 41px; text-align: right;\">670<\/td>\n<\/tr>\n<tr>\n<td style=\"width: 47px;\">7.<\/td>\n<td style=\"width: 109px;\">12<\/td>\n<td style=\"width: 185px;\">T\u00fdnec<\/td>\n<td style=\"width: 296px;\">Mark\u00e9ta Paulusov\u00e1\/Terezka Klingerov\u00e1<\/td>\n<td style=\"width: 41px; text-align: right;\">614<\/td>\n<\/tr>\n<tr>\n<td style=\"width: 47px;\">8.<\/td>\n<td style=\"width: 109px;\">33<\/td>\n<td style=\"width: 185px;\">Dra\u010dice z Rohoznice<\/td>\n<td style=\"width: 296px;\">Alena Jalov\u00e1\/Viktorka Jalov\u00e1<\/td>\n<td style=\"width: 41px; text-align: right;\">573<\/td>\n<\/tr>\n<\/tbody>\n<\/table>\n<h5>+99<\/h5>\n<table style=\"width: 699px;\">\n<tbody>\n<tr>\n<td style=\"width: 47px; text-align: center;\">Po\u0159ad\u00ed<\/td>\n<td style=\"width: 109px; text-align: center;\">Startovn\u00ed \u010d\u00edslo<\/td>\n<td style=\"width: 191px; text-align: center;\">T\u00fdm<\/td>\n<td style=\"width: 294px; text-align: center;\">Slo\u017een\u00ed<\/td>\n<td style=\"width: 44px; text-align: center;\">Body<\/td>\n<\/tr>\n<tr>\n<td style=\"width: 47px;\">1.<\/td>\n<td style=\"width: 109px;\">23<\/td>\n<td style=\"width: 191px;\">Jalud 106<\/td>\n<td style=\"width: 294px;\">Ludmila Ludv\u00edkov\u00e1\/Jaroslav David<\/td>\n<td style=\"width: 44px; text-align: right;\">1148<\/td>\n<\/tr>\n<tr>\n<td style=\"width: 47px;\">2.<\/td>\n<td style=\"width: 109px;\">54<\/td>\n<td style=\"width: 191px;\">HO TAK Praha<\/td>\n<td style=\"width: 294px;\">Olga Jindrov\u00e1\/Jan \u010cern\u00fd<\/td>\n<td style=\"width: 44px; text-align: right;\">1042<\/td>\n<\/tr>\n<tr>\n<td style=\"width: 47px;\">3.<\/td>\n<td style=\"width: 109px;\">32<\/td>\n<td style=\"width: 191px;\">Indula a D\u00e1da<\/td>\n<td style=\"width: 294px;\">Jindra Jen\u010dovsk\u00e1\/Diana M\u00e1lkov\u00e1<\/td>\n<td style=\"width: 44px; text-align: right;\">900<\/td>\n<\/tr>\n<tr>\n<td style=\"width: 47px;\">4.<\/td>\n<td style=\"width: 109px;\">52<\/td>\n<td style=\"width: 191px;\">Kn\u011b\u017eourci<\/td>\n<td style=\"width: 294px;\">Ji\u0159\u00ed a Jana Kn\u011b\u0159ourkovi<\/td>\n<td style=\"width: 44px; text-align: right;\">767<\/td>\n<\/tr>\n<tr>\n<td style=\"width: 47px;\">5.<\/td>\n<td style=\"width: 109px;\">48<\/td>\n<td style=\"width: 191px;\">Draci<\/td>\n<td style=\"width: 294px;\">Pavel Ruml\/Miroslav Dra\u0161t\u00edk<\/td>\n<td style=\"width: 44px; text-align: right;\">465<\/td>\n<\/tr>\n<\/tbody>\n<\/table>\n<h5>P\u011b\u0161\u00ed<\/h5>\n<table style=\"width: 691px;\">\n<tbody>\n<tr>\n<td style=\"width: 47px; text-align: center;\">Po\u0159ad\u00ed<\/td>\n<td style=\"width: 107px; text-align: center;\">Startovn\u00ed \u010d\u00edslo<\/td>\n<td style=\"width: 188px; text-align: center;\">T\u00fdm<\/td>\n<td style=\"width: 303px; text-align: center;\">Slo\u017een\u00ed<\/td>\n<td style=\"width: 40px; text-align: center;\">Body<\/td>\n<\/tr>\n<tr>\n<td style=\"width: 47px;\">1.<\/td>\n<td style=\"width: 107px;\">50<\/td>\n<td style=\"width: 188px;\">Zahradn\u00edci<\/td>\n<td style=\"width: 303px;\">Veronika a Jan Zahradn\u00edkovi<\/td>\n<td style=\"width: 40px; text-align: right;\">439<\/td>\n<\/tr>\n<tr>\n<td style=\"width: 47px;\">2.<\/td>\n<td style=\"width: 107px;\">49<\/td>\n<td style=\"width: 188px;\">Rohoznick\u00fd Darmo\u0161lap<\/td>\n<td style=\"width: 303px;\">Standa Pet\u0159\u00edk\/Franta \u010cern\u00fd<\/td>\n<td style=\"width: 40px; text-align: right;\">431<\/td>\n<\/tr>\n<tr>\n<td style=\"width: 47px;\">3.<\/td>\n<td style=\"width: 107px;\">24<\/td>\n<td style=\"width: 188px;\">Jelen team<\/td>\n<td style=\"width: 303px;\">Ji\u0159\u00ed a B\u00e1ra Jiroutovi<\/td>\n<td style=\"width: 40px; text-align: right;\">410<\/td>\n<\/tr>\n<tr>\n<td style=\"width: 47px;\">4.<\/td>\n<td style=\"width: 107px;\">44<\/td>\n<td style=\"width: 188px;\">J\u00e1 jeden a pes<\/td>\n<td style=\"width: 303px;\">\u0160imon Hak<\/td>\n<td style=\"width: 40px; text-align: right;\">143<\/td>\n<\/tr>\n<tr>\n<td style=\"width: 47px;\">5.<\/td>\n<td style=\"width: 107px;\">45<\/td>\n<td style=\"width: 188px;\">Vysko\u010dilovy<\/td>\n<td style=\"width: 303px;\">Marta a Andrea Vysko\u010dilovy<\/td>\n<td style=\"width: 40px; text-align: right;\">70<\/td>\n<\/tr>\n<\/tbody>\n<\/table>\n","protected":false},"excerpt":{"rendered":"<p>[vc_row css=&#8220;.vc_custom_1606500620697{margin-top: -150px !important;}&#8220;][vc_column][vc_column_text][\/vc_column_text][\/vc_column][\/vc_row][vc_row][vc_column][vc_column_text] Mu\u017e &#8211; Mu\u017e Po\u0159ad\u00ed Startovn\u00ed \u010d\u00edslo T\u00fdm Slo\u017een\u00ed Body 1. 1 SusaKuca Radek Su\u0161\u00edr\/Tom\u00e1\u0161 Ku\u010dera 1655 2. 47 T\u0159eb\u00e1ci Martin C\u00edsa\u0159\/Ale\u0161 Petera 1280 3. 3 BeManiax Madbike Ladislav Kopeck\u00fd\/David Pour 1145 4. 4 V\u00edtr v z\u00e1dech Jarom\u00edr a Luk\u00e1\u0161 Fl\u00e9glovi 971 5. 43 M+P Martin a Prokop \u0158\u00edhovi 964 6. 34&#8230;<\/p>\n","protected":false},"author":1,"featured_media":0,"parent":0,"menu_order":0,"comment_status":"closed","ping_status":"closed","template":"","meta":{"footnotes":""},"class_list":["post-240","page","type-page","status-publish","hentry"],"_links":{"self":[{"href":"https:\/\/www.scorelauf.cz\/index.php\/wp-json\/wp\/v2\/pages\/240","targetHints":{"allow":["GET"]}}],"collection":[{"href":"https:\/\/www.scorelauf.cz\/index.php\/wp-json\/wp\/v2\/pages"}],"about":[{"href":"https:\/\/www.scorelauf.cz\/index.php\/wp-json\/wp\/v2\/types\/page"}],"author":[{"embeddable":true,"href":"https:\/\/www.scorelauf.cz\/index.php\/wp-json\/wp\/v2\/users\/1"}],"replies":[{"embeddable":true,"href":"https:\/\/www.scorelauf.cz\/index.php\/wp-json\/wp\/v2\/comments?post=240"}],"version-history":[{"count":2,"href":"https:\/\/www.scorelauf.cz\/index.php\/wp-json\/wp\/v2\/pages\/240\/revisions"}],"predecessor-version":[{"id":634,"href":"https:\/\/www.scorelauf.cz\/index.php\/wp-json\/wp\/v2\/pages\/240\/revisions\/634"}],"wp:attachment":[{"href":"https:\/\/www.scorelauf.cz\/index.php\/wp-json\/wp\/v2\/media?parent=240"}],"curies":[{"name":"wp","href":"https:\/\/api.w.org\/{rel}","templated":true}]}}