{"id":730,"date":"2020-09-08T16:06:41","date_gmt":"2020-09-08T14:06:41","guid":{"rendered":"http:\/\/www.scorelauf.cz\/?page_id=730"},"modified":"2021-07-23T16:09:44","modified_gmt":"2021-07-23T14:09:44","slug":"scorelauf-2020","status":"publish","type":"page","link":"https:\/\/www.scorelauf.cz\/index.php\/scorelauf-2020\/","title":{"rendered":"Scorelauf 2020"},"content":{"rendered":"<p>[vc_row css=&#8220;.vc_custom_1606500620697{margin-top: -150px !important;}&#8220;][vc_column][vc_column_text]\n\t\t\t<!-- START Scorelauf REVOLUTION SLIDER 6.4.11 --><p class=\"rs-p-wp-fix\"><\/p>\n\t\t\t<rs-module-wrap id=\"rev_slider_1_1_wrapper\" data-source=\"gallery\" style=\"background:transparent;padding:0;margin:0px auto;margin-top:0;margin-bottom:0;\">\n\t\t\t\t<rs-module id=\"rev_slider_1_1\" style=\"\" data-version=\"6.4.11\">\n\t\t\t\t\t<rs-slides>\n\t\t\t\t\t\t<rs-slide data-key=\"rs-1\" data-title=\"Slide\" data-in=\"o:0;\" data-out=\"a:false;\">\n\t\t\t\t\t\t\t<img decoding=\"async\" src=\"\/\/www.scorelauf.cz\/wp-content\/plugins\/revslider\/public\/assets\/assets\/transparent.png\" alt=\"Slide\" title=\"Scorelauf 2020\" class=\"rev-slidebg tp-rs-img\" data-bg=\"c:#0c0c0c;\" data-no-retina>\n<!--\n\t\t\t\t\t\t\t--><rs-layer\n\t\t\t\t\t\t\t\tid=\"slider-1-slide-1-layer-0\" \n\t\t\t\t\t\t\t\tdata-type=\"image\"\n\t\t\t\t\t\t\t\tdata-rsp_ch=\"on\"\n\t\t\t\t\t\t\t\tdata-xy=\"x:c;y:c;\"\n\t\t\t\t\t\t\t\tdata-text=\"w:normal;\"\n\t\t\t\t\t\t\t\tdata-dim=\"w:961.9354838709677px;h:282px;minw:1px;minh:1px;\"\n\t\t\t\t\t\t\t\tdata-padding=\"t:1;r:1;b:1;l:1;\"\n\t\t\t\t\t\t\t\tdata-frame_999=\"o:0;st:w;\"\n\t\t\t\t\t\t\t\tstyle=\"z-index:5;\"\n\t\t\t\t\t\t\t><img loading=\"lazy\" decoding=\"async\" src=\"\/\/www.scorelauf.cz\/wp-content\/uploads\/2024\/03\/Baner-Net-Scorelauf-3Da.png\" class=\"tp-rs-img\" width=\"2982\" height=\"825\" data-no-retina> \n\t\t\t\t\t\t\t<\/rs-layer><!--\n-->\t\t\t\t\t\t<\/rs-slide>\n\t\t\t\t\t<\/rs-slides>\n\t\t\t\t<\/rs-module>\n\t\t\t\t<script type=\"text\/javascript\">\n\t\t\t\t\tsetREVStartSize({c: 'rev_slider_1_1',rl:[1240,1024,778,480],el:[350],gw:[1240],gh:[350],type:'hero',justify:'',layout:'fullwidth',mh:\"0\"});\n\t\t\t\t\tvar\trevapi1,\n\t\t\t\t\t\ttpj;\n\t\t\t\t\tfunction revinit_revslider11() {\n\t\t\t\t\tjQuery(function() {\n\t\t\t\t\t\ttpj = jQuery;\n\t\t\t\t\t\trevapi1 = tpj(\"#rev_slider_1_1\");\n\t\t\t\t\t\tif(revapi1==undefined || revapi1.revolution == undefined){\n\t\t\t\t\t\t\trevslider_showDoubleJqueryError(\"rev_slider_1_1\");\n\t\t\t\t\t\t}else{\n\t\t\t\t\t\t\trevapi1.revolution({\n\t\t\t\t\t\t\t\tsliderType:\"hero\",\n\t\t\t\t\t\t\t\tDPR:\"dpr\",\n\t\t\t\t\t\t\t\tsliderLayout:\"fullwidth\",\n\t\t\t\t\t\t\t\tvisibilityLevels:\"1240,1024,778,480\",\n\t\t\t\t\t\t\t\tgridwidth:1240,\n\t\t\t\t\t\t\t\tgridheight:350,\n\t\t\t\t\t\t\t\tspinner:\"spinner0\",\n\t\t\t\t\t\t\t\tperspective:600,\n\t\t\t\t\t\t\t\tperspectiveType:\"local\",\n\t\t\t\t\t\t\t\teditorheight:\"350,768,960,720\",\n\t\t\t\t\t\t\t\tresponsiveLevels:\"1240,1024,778,480\",\n\t\t\t\t\t\t\t\tprogressBar:{disableProgressBar:true},\n\t\t\t\t\t\t\t\tnavigation: {\n\t\t\t\t\t\t\t\t\tonHoverStop:false\n\t\t\t\t\t\t\t\t},\n\t\t\t\t\t\t\t\tfallbacks: {\n\t\t\t\t\t\t\t\t\tallowHTML5AutoPlayOnAndroid:true\n\t\t\t\t\t\t\t\t},\n\t\t\t\t\t\t\t});\n\t\t\t\t\t\t}\n\t\t\t\t\t\t\n\t\t\t\t\t});\n\t\t\t\t\t} \/\/ End of RevInitScript\n\t\t\t\tvar once_revslider11 = false;\n\t\t\t\tif (document.readyState === \"loading\") {document.addEventListener('readystatechange',function() { if((document.readyState === \"interactive\" || document.readyState === \"complete\") && !once_revslider11 ) { once_revslider11 = true; revinit_revslider11();}});} else {once_revslider11 = true; revinit_revslider11();}\n\t\t\t\t<\/script>\n\t\t\t<\/rs-module-wrap>\n\t\t\t<!-- END REVOLUTION SLIDER -->\n[\/vc_column_text][\/vc_column][\/vc_row][vc_row][vc_column][vc_column_text]VII. ro\u010dn\u00edk Milet\u00ednsk\u00e9ho Scorelaufu byl pro po\u0159adatele Prasklej \u0159et\u011bz a Spolek VOTO Zelen\u00e1 Stopa velk\u00fdm o\u010dek\u00e1v\u00e1n\u00edm, a to nejen, zda bude po dvou propr\u0161en\u00fdch ro\u010dn\u00edc\u00edch vl\u00eddn\u011bj\u0161\u00ed po\u010das\u00ed, ale i z pohledu m\u011bn\u00edc\u00ed se situace s potvorn\u00fdm Covidem. Ten letos u\u017e zam\u00edchal kartami p\u0159i nejedn\u00e9 sportovn\u00ed \u010di kulturn\u00ed akci. V Milet\u00edn\u011b na koupali\u0161ti je v\u0161ak v sobotu 5. z\u00e1\u0159\u00ed kr\u00e1sn\u00e9 slunn\u00e9 r\u00e1no a posledn\u00ed zpr\u00e1vy nehl\u00e1s\u00ed \u017e\u00e1dn\u00e1 opat\u0159en\u00ed, kter\u00e1 by jakkoliv omezovala start orienta\u010dn\u00edho z\u00e1vodu pro 62 p\u00e1r\u016f v kategori\u00edch cyklo, p\u011b\u0161\u00ed, b\u011b\u017eci a nov\u011b elektrokola.<\/p>\n<p>Po nezbytn\u00e9 prezentaci vyr\u00e1\u017eej\u00ed po 8. hodin\u011b do ter\u00e9nu prvn\u00ed \u00fa\u010dastn\u00edci na \u0161estihodinov\u00fd orienta\u010dn\u00ed marat\u00f3n, p\u0159i kter\u00e9m budou vyhled\u00e1vat m\u00edsta a objekty tentokr\u00e1t na t\u00e9ma \u201eVODA\u201c. Ano, body leto\u0161n\u00edho ro\u010dn\u00edku byly um\u00edst\u011bny pobl\u00ed\u017e stud\u00e1nek, pramen\u016f, rybn\u00edk\u016f i po\u017e\u00e1rn\u00edch n\u00e1dr\u017e\u00ed.<\/p>\n<p>Mus\u00edm p\u0159iznat, \u017ee p\u0159i rozv\u00e1\u017een\u00ed bod\u016f, kter\u00e9 pro Scorelauf op\u011bt p\u0159ipravil Spolek VOTO Zelen\u00e1 Stopa, jsme se dostali do opravdu zaj\u00edmav\u00fdch m\u00edst. A a\u010d jsme p\u0159i tom neza\u017eili tu pravou z\u00e1vodn\u00ed atmosf\u00e9ru, byl to z\u00e1\u017eitek. Ne\u010dekan\u011b se vyvinula situace na \u017eiv\u00e9 kontrole, kde bylo op\u011bt mo\u017eno z\u00edskat velkou porci bod\u016f, a to jak v \u010d\u00e1sti pozn\u00e1vac\u00ed, v\u00fdkonnostn\u00ed tak i v podob\u011b odvahy a sebezap\u0159en\u00ed. Panovalo toti\u017e kr\u00e1sn\u00e9 po\u010das\u00ed, a proto k p\u0159eplav\u00e1n\u00ed stanoven\u00e9ho \u00faseku veslic\u00ed (za 40 a 50 bod\u016f), nafukovac\u00edm \u010dlunem (za 50 a 70 bod\u016f) byla p\u0159id\u00e1na varianta na Adama a Evu (100 a 140 bod\u016f). Nejv\u00edce ocen\u011bn\u00e1 varianta byla volena opravdu hojn\u011b. Jestli to bylo nutk\u00e1n\u00ed vr\u00e1tit se k p\u0159\u00edrod\u011b, nebo jen touha z\u00edskat hodn\u011b bod\u016f, to u\u017e si odv\u00e1\u017elivci ponechali pro sebe.<\/p>\n<p>V pr\u016fb\u011bhu z\u00e1vodu bylo organiz\u00e1tory p\u0159ipraveno ob\u010derstven\u00ed tak, aby ka\u017ed\u00fd mohl v c\u00edli doplnit ztracen\u00e9 kalorie. Po 14. hodin\u011b p\u0159ij\u00ed\u017ed\u011bj\u00ed prvn\u00ed dvojice a n\u00e1s t\u011b\u0161\u00ed jejich \u00fasm\u011bvy a sd\u00edlen\u00e9 z\u00e1\u017eitky. \u010casov\u00fd limit t\u00e9m\u011b\u0159 vypr\u0161el.<\/p>\n<p>Ne, tohle je Scorelauf, je\u0161t\u011b nepr\u0161elo! Za\u010d\u00edn\u00e1 se zatahovat, u\u017e i bl\u00edzko h\u0159m\u00ed a p\u0159ich\u00e1z\u00ed prudk\u00fd slejv\u00e1k. Ano \u201eVODA!\u201c, znamen\u00ed leto\u0161n\u00edho ro\u010dn\u00edku, v\u0161e sm\u00e1\u010d\u00ed.<br \/>\nP\u0159id\u00e1v\u00e1 se v\u00edtr a my jsme vd\u011b\u010dn\u00ed v\u0161em, kte\u0159\u00ed ob\u011btav\u011b pom\u00e1haj\u00ed p\u0159idr\u017eet stan do doby, ne\u017e se \u017eivel p\u0159e\u017eene. Nakonec je p\u0159\u00edst\u0159e\u0161\u00ed zachr\u00e1n\u011bno. Po p\u0159ekontrolov\u00e1n\u00ed stavu zji\u0161\u0165ujeme, \u017ee v\u0161ichni \u00fa\u010dastn\u00edci ve zdrav\u00ed dorazili do c\u00edle.<\/p>\n<p>N\u00e1sleduje vyhl\u00e1\u0161en\u00ed v\u00fdsledk\u016f a rozd\u00e1n\u00ed cen t\u011bm nej\u00fasp\u011b\u0161n\u011bj\u0161\u00edm v jednotliv\u00fdch kategori\u00edch.<\/p>\n<p>Celkov\u00fdm v\u00edt\u011bzem leto\u0161n\u00edho ro\u010dn\u00edku se stal Mondraker Racing Team (Petr Hru\u0161ka, Michal Kuban), kter\u00fdm se poda\u0159ilo vyhledat a nasb\u00edrat 1696 bod\u016f.<\/p>\n<p>Kompletn\u00ed v\u00fdsledky jsou k dispozici v z\u00e1lo\u017ece V\u00fdsledky 2020 na str\u00e1nk\u00e1ch www.scorelauf.cz. V\u00edt\u011bzov\u00e9 nakonec vylosovali jeden z mapov\u00fdch v\u00fd\u0159ez\u016f okol\u00ed, do kter\u00e9ho bude na p\u0159\u00ed\u0161t\u00ed ro\u010dn\u00edk zaneseno op\u011bt spousta zaj\u00edmav\u00fdch m\u00edst. V tomto sm\u011bru p\u0159ejeme Spolku VOTO Zelen\u00e1 Stopa a Bed\u0159ichu Hakovi, aby neub\u00edrali na fantazii.<\/p>\n<p>Pod\u011bkov\u00e1n\u00ed pat\u0159\u00ed v\u0161em \u00fa\u010dastn\u00edk\u016fm za to, \u017ee podstoupili nelehk\u00fd z\u00e1vod a podali p\u0159ekvapiv\u00e9 v\u00fdkony. Samoz\u0159ejm\u011b i organiz\u00e1tor\u016fm a sponzor\u016fm: M\u011bstu Milet\u00edn, firm\u00e1m Uni Roll<br \/>\nCzech s.r.o., IKDrinks, Cukr\u00e1rna Erben, KAD spol. s r.o., S.A.M s.r.o., Straker s.r.o. a KUPKOLO s.r.o.<\/p>\n<p>Nezb\u00fdv\u00e1 ne\u017e u\u010dinit pozv\u00e1nku na VIII. ro\u010dn\u00edk, kter\u00fd odstartuje dne 4. z\u00e1\u0159\u00ed 2021.<br \/>\nP\u0159ije\u010fte, uvid\u00edte, \u017ee to stoj\u00ed za to![\/vc_column_text][\/vc_column][\/vc_row]<\/p>\n","protected":false},"excerpt":{"rendered":"<p>[vc_row css=&#8220;.vc_custom_1606500620697{margin-top: -150px !important;}&#8220;][vc_column][vc_column_text][\/vc_column_text][\/vc_column][\/vc_row][vc_row][vc_column][vc_column_text]VII. ro\u010dn\u00edk Milet\u00ednsk\u00e9ho Scorelaufu byl pro po\u0159adatele Prasklej \u0159et\u011bz a Spolek VOTO Zelen\u00e1 Stopa velk\u00fdm o\u010dek\u00e1v\u00e1n\u00edm, a to nejen, zda bude po dvou propr\u0161en\u00fdch ro\u010dn\u00edc\u00edch vl\u00eddn\u011bj\u0161\u00ed po\u010das\u00ed, ale i z pohledu m\u011bn\u00edc\u00ed se situace s potvorn\u00fdm Covidem. Ten letos u\u017e zam\u00edchal kartami p\u0159i nejedn\u00e9 sportovn\u00ed \u010di kulturn\u00ed akci. V Milet\u00edn\u011b na koupali\u0161ti&#8230;<\/p>\n","protected":false},"author":1,"featured_media":0,"parent":0,"menu_order":0,"comment_status":"closed","ping_status":"closed","template":"","meta":{"footnotes":""},"class_list":["post-730","page","type-page","status-publish","hentry"],"_links":{"self":[{"href":"https:\/\/www.scorelauf.cz\/index.php\/wp-json\/wp\/v2\/pages\/730","targetHints":{"allow":["GET"]}}],"collection":[{"href":"https:\/\/www.scorelauf.cz\/index.php\/wp-json\/wp\/v2\/pages"}],"about":[{"href":"https:\/\/www.scorelauf.cz\/index.php\/wp-json\/wp\/v2\/types\/page"}],"author":[{"embeddable":true,"href":"https:\/\/www.scorelauf.cz\/index.php\/wp-json\/wp\/v2\/users\/1"}],"replies":[{"embeddable":true,"href":"https:\/\/www.scorelauf.cz\/index.php\/wp-json\/wp\/v2\/comments?post=730"}],"version-history":[{"count":1,"href":"https:\/\/www.scorelauf.cz\/index.php\/wp-json\/wp\/v2\/pages\/730\/revisions"}],"predecessor-version":[{"id":732,"href":"https:\/\/www.scorelauf.cz\/index.php\/wp-json\/wp\/v2\/pages\/730\/revisions\/732"}],"wp:attachment":[{"href":"https:\/\/www.scorelauf.cz\/index.php\/wp-json\/wp\/v2\/media?parent=730"}],"curies":[{"name":"wp","href":"https:\/\/api.w.org\/{rel}","templated":true}]}}